 n(2). Suppose 0 = 5*z + 2*p, -10 - m = 4*z - 3*p. Calculate o(z).
2
Let m(n) = 6*n - 45. Let y be m(7). Let g(j) be the first derivative of 3*j**2/2 - 2*j - 2. Give g(y).
-11
Let x = -1 - 2. Let w(m) = -2*m**2 + 7*m + 1. Let t(j) = -6*j**2 + j. Let y be t(-1). Let k(b) = b**2 - 4*b. Let f(h) = y*k(h) - 4*w(h). Calculate f(x).
5
Let j(a) = -a - 2. Let v be j(0). Let z(q) be the first derivative of -q**3/2 - q**2 - 4*q + 1. Let p(i) be the first derivative of z(i). Calculate p(v).
4
Let s(g) = 6 + g**2 - 4 - 5*g - 3 + 0. Let h be 3*2/((-12)/(-2)). Let f = h - -3. Give s(f).
-5
Let u(b) = -b - 1. Let p(d) be the third derivative of -d**6/120 + d**5/12 + d**4/12 - 7*d**3/6 + 2*d**2. Let a be p(5). What is u(a)?
-4
Let x(c) be the first derivative of -c**6/60 + c**4/24 + c**3/3 - 4. Let n(k) be the third derivative of x(k). Calculate n(-1).
-5
Let l = 0 + 0. Let f(j) = 5*j - 7. Suppose -3*c = -4*c - 11. Let a(s) = 9*s - 13. Let z(n) = c*f(n) + 6*a(n). What is z(l)?
-1
Let o be (-7)/(-28) - (-26)/(-8). Let s = 8 + o. Let h(b) = b**2 - 7*b + 3. Determine h(s).
-7
Suppose 0 = j - 6*j - 10. Let c = -3 - j. Let q = c + -4. Let m(w) = w + 6. What is m(q)?
1
Let k = 2 - 1. Let b = k + -1. Let t(n) = 2 - 2*n + 1 + 0 + b*n. Give t(-4).
11
Let i(a) be the third derivative of -a**7/1260 + a**6/180 - a**4/6 - 2*a**2. Let x(g) be the second derivative of i(g). Give x(3).
-6
Let y(d) = 4*d**2 - 1. Let k be y(1). Suppose 5*b = -2 - k. Let m(g) = 0*g**2 - g**2 + 14*g - 6*g**2 - 15*g. What is m(b)?
-6
Let b be 8/3*3/(-2). Let o(n) be the second derivative of n**3 - 4*n + 3/2*n**2 + 0 + 1/12*n**4. Give o(b).
-5
Let j be (2/2 - 3) + 6. Suppose s - 14 = 2*u, -2*s + u = -j*s + 18. Suppose b + 2*f + s = -f, 2*b + f = 0. Let d(r) = r**3 - r**2 - r + 1. What is d(b)?
3
Let v(n) = -21 - 13 + 31 - 7*n - n**2. Give v(-6).
3
Let h = 20 - 20. Let r(n) = 4*n. Let b be r(1). Let y(v) = v - b + h*v + 1. Calculate y(4).
1
Let q(z) = z**3 + 3*z**2 - 1. Suppose -26 - 7 = 11*o. Give q(o).
-1
Let r(b) = -b + 12. Let j be r(5). Let m = -7 + j. Let x(u) = -u + 2. Determine x(m).
2
Let l(x) be the first derivative of x**3/3 - 3*x**2 + 1. Let o(i) = 4*i**2 - 9*i - 7. Let b be o(-1). Calculate l(b).
0
Let j(s) = -2*s**3 + 50*s**2 - 45*s**2 - 7*s + 3*s**3 - 1 + 0*s**3. Suppose -6 + 0 = v. What is j(v)?
5
Let u(i) = -6*i**2 - i. Let h(d) = 5*d**2 + d - 1. Let y(f) = 5*h(f) + 4*u(f). Suppose 4*l = 5*l + 11. Let m = -11 - l. What is y(m)?
-5
Let d(v) = -68*v + 30*v + 14*v - 1. Determine d(1).
-25
Suppose 0*f + 2 = f. Let v(l) = 3 + 4*l - l + 2*l**f - l**2. Let z(r) = 2*r**2 + 4*r + 2. Let s(y) = -3*v(y) + 2*z(y). Calculate s(0).
-5
Let n(r) = 5*r**2 - 7*r + 1. Let b(w) = 4*w**2 - 6*w. Let q(t) = 4*b(t) - 3*n(t). Let v = 4 + -1. Determine q(v).
-3
Let n(k) = k + 1. Let a(b) = -2*b - 6. Let j(s) = a(s) + 5*n(s). Give j(1).
2
Suppose -11 = z - 8. Let v(k) = -k**3 - 3*k**2 + 2*k + 1. Give v(z).
-5
Let b = -1 + 3. Let r(f) = f + 1 + 8*f + b*f. Let w be ((-27)/9)/((-3)/2) + -3. Give r(w).
-10
Let k(b) = b - 6. Let y be k(6). Suppose y*v = v + 4. Let l(f) be the first derivative of -f**4/4 - 4*f**3/3 + f**2/2 + f - 1. Determine l(v).
-3
Let o(a) = 3*a + 3. Let u(q) = -q - 7. Let f = -7 + 2. Let n be u(f). Determine o(n).
-3
Let n be (0 - 0)*(-12 - -11). Suppose -2*t + 8 = -0. Let v(q) = 4*q**2 + q - 1. Let o(m) = 5*m**2 + m - 1. Let p(x) = t*v(x) - 3*o(x). Give p(n).
-1
Let u(w) = -w**2 + 5*w - 2. Let g be (-46)/(-14) - 8/28. Give u(g).
4
Let h(f) = -2*f**3 - 12*f**2 + 9*f + 11. Let z(n) = n**3 + n**2 - n - 1. Let p(x) = h(x) + 3*z(x). Determine p(8).
-8
Let i = 25 + -26. Let o(a) = -2*a**3 + 2*a**2 - a. Let z(f) = -5*f**3 + 3*f**2 - 2*f. Let u(n) = -7*o(n) + 4*z(n). Calculate u(i).
5
Suppose -4*d - 2 = -10. Suppose -d = -5*z + 3. Let m(n) = 2*n. What is m(z)?
2
Suppose 2*s - 3*s = 5. Let b(f) = -f - 10. Determine b(s).
-5
Suppose 14 = 2*o - 5*l, -o = 2*l + 2*l + 6. Let s(g) = 0*g**o + 2*g**2 - 5 - g**2 + 5*g. Suppose 4*h + h = -25. Determine s(h).
-5
Let z(g) = -g + 0*g - 1032 + 1033. Give z(-2).
3
Let k(a) be the second derivative of a**4/12 - a**3 - a**2 + 5*a. Suppose -8 = -3*u + 7. Calculate k(u).
-7
Let u(f) = -2*f**2 + 3*f + 5. Let o(p) = 5*p**2 - 5*p - 10. Let j(n) = -3*o(n) - 7*u(n). Let i = -14 + 8. What is j(i)?
-5
Let t(o) = -2*o - 1. Let g(u) = u**2 + u - 2. Let i be g(0). Determine t(i).
3
Suppose n + 20 = 2*n - 4*d, -n + d = -8. Let c be 6/4 - (-2)/4. Let f(y) = 107*y - 109*y - 1 - 2 - 2*y**c + 3*y**2. Give f(n).
5
Let j(p) be the second derivative of -p**3/3 + p**2 + 4*p. Suppose 3 = -3*i + 6*i + s, -5*s = -4*i - 15. Suppose -2*b - 3*b + 25 = i. Calculate j(b).
-8
Suppose 0 = -m - 2*b + 13, -2*m = 3*b - 4*b - 21. Let j = -8 + m. Let h(r) = r**3 - 3*r**2 - 4. Give h(j).
-4
Let r(h) = h - 4. Let w be r(4). Suppose w*q - 4*q = -8. Let i(g) be the third derivative of -g**5/60 + g**4/12 - g**3/2 - g**2. Give i(q).
-3
Suppose 9 = 2*s - 3. Let u(c) = -3*c**2 - 14 - s*c + c**3 - c**2 + 9. What is u(5)?
-10
Let f be 1*(-3)/6*-4. Let z = 5 - f. Let x(y) = -6 + y + z + 4. Calculate x(4).
5
Let n(x) = -2 + 0*x + x**2 + 2*x + x. Let j be n(-4). Let g(s) = -6*s**2 - 2*s**3 + 2*s**2 + 2*s**3 + 2*s + 2*s**3. Give g(j).
4
Let t(w) = 3*w**3 + 44*w**2 + 35*w + 2. Let i(x) = -2*x**3 - 29*x**2 - 23*x - 1. Let d(k) = 8*i(k) + 5*t(k). Calculate d(-11).
-20
Let z(t) = t**2 - 6*t - 10. Let o(h) = -h**2 - 2*h + 3. Let j be o(-3). Suppose j = b - 1 - 6. Determine z(b).
-3
Suppose -4 = -3*v + v + 4*k, 0 = -4*v + 3*k + 3. Let n(s) = s**3 - s**2 - s + 7. Determine n(v).
7
Let g(o) = -2*o**2 - 2*o + 9. Let f(h) = -h**2 - h. Let a(j) = -3*f(j) + g(j). Calculate a(0).
9
Let d(c) = c**3 - 6*c**2 + 7*c - 4. Suppose 2*l - 5 = 5. Calculate d(l).
6
Let z be 7*((-2)/14 - -1). Let j(s) = 58 + 2*s + 2*s - 57 + 3*s**3 + 5*s**2 - 4*s**3. Calculate j(z).
-11
Let t(d) = -1 + d + 0 - 3*d + 6. What is t(6)?
-7
Let w be 18/42 - 118/14. Let d(g) = -g**2 - 8*g + 4. Give d(w).
4
Let c(s) = s**2 + 0 + 3 + 9*s + 4. What is c(-7)?
-7
Let y = 15 + -15. Let h(g) = 7*g**2 - 5*g - 3 - g**3 + y*g**3 - 3 + 5. Determine h(6).
5
Let p(w) be the second derivative of -w**6/20 + w**4/12 - w**3/6 - 2*w**2 + 5*w. Let z(c) be the first derivative of p(c). Give z(1).
-5
Let c(h) be the first derivative of h**4/4 + h**3/3 - 11*h - 1. Let a = -421 + 421. Give c(a).
-11
Let c(q) be the third derivative of -q**7/840 - q**6/360 - q**5/120 - q**4/24 - q**3/3 - 4*q**2. Let k(r) be the first derivative of c(r). What is k(-1)?
0
Let w(y) be the second derivative of 0 - 1/2*y**2 + 1/6*y**4 + 2/3*y**3 - 4*y. Calculate w(-3).
5
Let x = -10 + 7. Let i(d) = -d**2 - 5*d + 4. Let q be i(-5). Let s(z) = -3*z**2 + q*z**2 + 8*z - 4*z. Calculate s(x).
-3
Suppose k = 4*k + 3. Let a be (k/(-2))/(5/20). Let p(x) = -a*x - 3 + 0 - x + x**2 + x. Determine p(3).
0
Let n(d) = 4*d - 6*d + 4*d. What is n(4)?
8
Suppose 20 = 2*w + 3*w. Let t(s) be the first derivative of -1 + w*s - 1/2*s**2. Give t(3).
1
Let t be -9 + 3*(-2)/(-3). Let a be 2/t + 36/(-21). Let c(o) = -o**3 + o**2 + 2*o - 1. Calculate c(a).
7
Let l(g) = g**3 + 3*g**2 - 4*g - 2. Let r be l(-3). Let y = -7 + r. Let o(j) = 6 + y*j + j**2 + j - 3. Determine o(-2).
-1
Let g(c) = c**3 + 4*c**2 + c - 4. Suppose -7*m - 11 = 17. Calculate g(m).
-8
Let u = -90 - -93. Let s(q) = -q. Determine s(u).
-3
Let l(p) = -4 - 2*p + p - 1 - p**3 + 2. Let h = -25 + 25. Determine l(h).
-3
Let j(b) = 6*b + 11. Let a(r) = 15*r + 27. Let p(k) = 5*a(k) - 12*j(k). Calculate p(-4).
-9
Let m(x) be the third derivative of x**6/360 - x**5/24 - 4*x**3/3 - x**2. Let b(f) be the first derivative of m(f). Calculate b(5).
0
Let w be 0 - 2 - (-4)/2. Let s(p) = 1 + 4*p + w + 6*p. Calculate s(-1).
-9
Let l(p) = p**3 + 3*p**2 - 7*p. Let x = 13 + -18. Give l(x).
-15
Suppose 4*a + 10 = 2. Let h = -4 + 6. Let p(d) = -2*d - d**h + 2*d. Determine p(a).
-4
Let p(d) = -3*d + 4. Let v(i) = 4*i - 3. Let a(j) = 4*p(j) + 5*v(j). Calculate a(2).
17
Let v(x) = -1 + 2*x - x + 3. Suppose -r = r - 6. Determine v(r).
5
Let s(d) be the first derivative of -d**4/4 + d**3 - 3*d**2/2 + 2*d - 18. What is s(2)?
0
Let z be (3 + 42/(-15))/(1/5). Let n(i) = i - i - i - 1. Give n(z).
-2
Let i(j) = j**2 + 4*j. Let q(c) = -c - 6. Let s be q(-9). Suppose -s*y = 3 + 6. Calculate i(y)